tors of 2120.
2, 5, 53
What are the prime factors of 22260?
2, 3, 5, 7, 53
List the prime factors of 116051.
13, 79, 113
List the prime factors of 5982.
2, 3, 997
List the prime factors of 9026.
2, 4513
What are the prime factors of 20508?
2, 3, 1709
List the prime factors of 2024.
2, 11, 23
List the prime factors of 42962.
2, 21481
List the prime factors of 63775.
5, 2551
List the prime factors of 8779.
8779
List the prime factors of 6867.
3, 7, 109
What are the prime factors of 628?
2, 157
What are the prime factors of 64511?
31, 2081
What are the prime factors of 105636?
2, 3, 8803
List the prime factors of 5288.
2, 661
List the prime factors of 39558.
2, 3, 19, 347
List the prime factors of 1301.
1301
What are the prime factors of 2347?
2347
What are the prime factors of 1630?
2, 5, 163
List the prime factors of 49305.
3, 5, 19, 173
What are the prime factors of 491?
491
List the prime factors of 17409.
3, 7, 829
List the prime factors of 43277.
13, 3329
List the prime factors of 1761.
3, 587
What are the prime factors of 7633?
17, 449
List the prime factors of 5411.
7, 773
List the prime factors of 1848.
2, 3, 7, 11
List the prime factors of 105644.
2, 7, 11
List the prime factors of 877.
877
What are the prime factors of 1853?
17, 109
What are the prime factors of 21585?
3, 5, 1439
What are the prime factors of 8825?
5, 353
What are the prime factors of 211?
211
What are the prime factors of 6047?
6047
List the prime factors of 2746.
2, 1373
List the prime factors of 1122.
2, 3, 11, 17
List the prime factors of 1015.
5, 7, 29
List the prime factors of 7985.
5, 1597
List the prime factors of 100747.
100747
List the prime factors of 4712.
2, 19, 31
List the prime factors of 695.
5, 139
List the prime factors of 933.
3, 311
What are the prime factors of 2241?
3, 83
List the prime factors of 4793.
4793
List the prime factors of 4529.
7, 647
List the prime factors of 1027.
13, 79
What are the prime factors of 29500?
2, 5, 59
What are the prime factors of 7166?
2, 3583
List the prime factors of 26999.
7, 19, 29
What are the prime factors of 71692?
2, 17923
List the prime factors of 939.
3, 313
What are the prime factors of 8926?
2, 4463
List the prime factors of 473.
11, 43
List the prime factors of 12882.
2, 3, 19, 113
List the prime factors of 7729.
59, 131
What are the prime factors of 6556?
2, 11, 149
List the prime factors of 11379.
3, 3793
What are the prime factors of 47419?
47419
What are the prime factors of 2923?
37, 79
What are the prime factors of 4737?
3, 1579
List the prime factors of 16848.
2, 3, 13
What are the prime factors of 740?
2, 5, 37
What are the prime factors of 440?
2, 5, 11
What are the prime factors of 1399?
1399
What are the prime factors of 8924?
2, 23, 97
List the prime factors of 2651.
11, 241
What are the prime factors of 80596?
2, 20149
List the prime factors of 1171.
1171
List the prime factors of 98778.
2, 3, 101, 163
What are the prime factors of 1234?
2, 617
List the prime factors of 6189.
3, 2063
List the prime factors of 2142.
2, 3, 7, 17
List the prime factors of 16842.
2, 3, 7, 401
List the prime factors of 14040.
2, 3, 5, 13
What are the prime factors of 19461?
3, 13, 499
What are the prime factors of 1455?
3, 5, 97
What are the prime factors of 79373?
7, 17, 23, 29
What are the prime factors of 4134?
2, 3, 13, 53
List the prime factors of 690.
2, 3, 5, 23
What are the prime factors of 168?
2, 3, 7
List the prime factors of 1348.
2, 337
What are the prime factors of 18954?
2, 3, 13
What are the prime factors of 44588?
2, 71, 157
List the prime factors of 10422.
2, 3, 193
What are the prime factors of 8965?
5, 11, 163
What are the prime factors of 43590?
2, 3, 5, 1453
List the prime factors of 403.
13, 31
What are the prime factors of 4562?
2, 2281
List the prime factors of 25860.
2, 3, 5, 431
List the prime factors of 68357.
17, 4021
List the prime factors of 2217.
3, 739
List the prime factors of 14968.
2, 1871
What are the prime factors of 781?
11, 71
What are the prime factors of 21828?
2, 3, 17, 107
List the prime factors of 167655.
3, 5, 11177
What are the prime factors of 13231?
101, 131
List the prime factors of 1294.
2, 647
What are the prime factors of 4774?
2, 7, 11, 31
What are the prime factors of 5105?
5, 1021
What are the prime factors of 5632?
2, 11
List the prime factors of 2000.
2, 5
What are the prime factors of 3323?
3323
List the prime factors of 250.
2, 5
What are the prime factors of 29?
29
List the prime factors of 1411.
17, 83
What are the prime factors of 6037?
6037
What are the prime factors of 33754?
2, 7, 2411
What are the prime factors of 8477?
7, 173
List the prime factors of 4103.
11, 373
List the prime factors of 564.
2, 3, 47
What are the prime factors of 1726?
2, 863
What are the prime factors of 3790?
2, 5, 379
List the prime factors of 1401.
3, 467
List the prime factors of 15743.
7, 13, 173
List the prime factors of 5120.
2, 5
List the prime factors of 4296.
2, 3, 179
What are the prime factors of 7025?
5, 281
What are the prime factors of 84406?
2, 7, 6029
What are the prime factors of 3601?
13, 277
What are the prime factors of 1063?
1063
What are the prime factors of 21230?
2, 5, 11, 193
List the prime factors of 13768.
2, 1721
List the prime factors of 17590.
2, 5, 1759
List the prime factors of 3447.
3, 383
List the prime factors of 10095.
3, 5, 673
List the prime factors of 91955.
5, 53, 347
What are the prime factors of 19991?
19991
List the prime factors of 1461.
3, 487
What are the prime factors of 811?
811
What are the prime factors of 258?
2, 3, 43
What are the prime factors of 42464?
2, 1327
What are the prime factors of 905?
5, 181
List the prime factors of 46672.
2, 2917
What are the prime factors of 482?
2, 241
What are the prime factors of 4756?
2, 29, 41
What are the prime factors of 1145?
5, 229
List the prime factors of 775.
5, 31
What are the prime factors of 20630?
2, 5, 2063
What are the prime factors of 4391?
4391
What are the prime factors of 104?
2, 13
List the prime factors of 21573.
3, 17, 47
List the prime factors of 8888.
2, 11, 101
What are the prime factors of 95875?
5, 13, 59
List the prime factors of 30181.
30181
What are the prime factors of 22894?
2, 11447
What are the prime factors of 4962?
2, 3, 827
What are the prime factors of 875?
5, 7
What are the prime factors of 8546?
2, 4273
List the prime factors of 114926.
2, 7, 8209
List the prime factors of 240.
2, 3, 5
What are the prime factors of 56597?
56597
What are the prime factors of 19862?
2, 9931
What are the prime factors of 1227?
3, 409
What are the prime factors of 762?
2, 3, 127
What are the prime factors of 150409?
7, 21487
List the prime factors of 1937.
13, 149
List the prime factors of 426.
2, 3, 71
What are the prime factors of 44657?
44657
What are the prime factors of 981?
3, 109
List the prime factors of 14081.
14081
What are the prime factors of 157?
157
List the prime factors of 1772.
2, 443
What are the prime factors of 6330?
2, 3, 5, 211
What are the prime factors of 7711?
11, 701
List the prime factors of 28076.
2, 7019
What are the prime factors of 3325?
5, 7, 19
What are the prime factors of 639?
3, 71
What are the prime factors of 683?
683
List the prime factors of 41858.
2, 20929
What are the prime factors of 10964?
2, 2741
List the prime factors of 532.
2, 7, 19
List the prime factors of 26906.
2, 11, 1223
List the prime factors of 41006.
2, 7, 29, 101
List the prime factors of 166.
2, 83
What are the prime factors of 226?
2, 113
List the prime factors of 7252.
2, 7, 37
What are the prime factors of 8303?
19, 23
List the prime factors of 34601.
7, 4943
List the prime factors of 6646.
2, 3323
What are the prime factors of 1031?
1031
List the prime factors of 1029.
3, 7
List the prime factors of 21508.
2, 19, 283
What are the prime factors of 58621?
31, 61
List the prime factors of 1389.
3, 463
What are the prime factors of 5650?
2, 5, 113
List the prime factors of 17943.
3, 5981
List the prime factors of 728.
2, 7, 13
List the prime factors of 63083.
199, 317
What are the prime factors of 45871?
7, 6553
What are the prime factors of 3107?
13, 239
What are the prime factors of 1954?
2, 977
What are the prime factors of 71?
71
What are the prime facto